the remainder when 119005 is divided by 644.
509
Calculate the remainder when 117070 is divided by 6692.
3306
Calculate the remainder when 635444 is divided by 1415.
109
What is the remainder when 1038428 is divided by 346114?
86
Calculate the remainder when 567360 is divided by 66.
24
Calculate the remainder when 206598 is divided by 206519.
79
Calculate the remainder when 131568 is divided by 64932.
1704
Calculate the remainder when 50634 is divided by 16873.
15
Calculate the remainder when 1114583 is divided by 1016.
31
Calculate the remainder when 6879558 is divided by 604.
602
Calculate the remainder when 449313 is divided by 4781.
4680
What is the remainder when 3998471 is divided by 12982?
15
What is the remainder when 9547288 is divided by 203?
198
What is the remainder when 9548583 is divided by 24?
15
What is the remainder when 124336 is divided by 40848?
1792
What is the remainder when 122626 is divided by 24509?
81
What is the remainder when 80664 is divided by 4912?
2072
What is the remainder when 1235704 is divided by 1343?
144
What is the remainder when 4615 is divided by 159?
4
What is the remainder when 6010661 is divided by 536?
493
What is the remainder when 305992 is divided by 19111?
216
What is the remainder when 302427 is divided by 75345?
1047
Calculate the remainder when 617432 is divided by 7101.
6746
Calculate the remainder when 435769 is divided by 434880.
889
Calculate the remainder when 3180161 is divided by 435.
311
What is the remainder when 269273 is divided by 132?
125
What is the remainder when 4030216 is divided by 268681?
1
Calculate the remainder when 51218558 is divided by 1731.
1730
Calculate the remainder when 484294013 is divided by 752.
749
What is the remainder when 81482 is divided by 3774?
2228
Calculate the remainder when 401557 is divided by 133844.
25
Calculate the remainder when 3062150 is divided by 1020714.
8
What is the remainder when 21808533 is divided by 521?
515
Calculate the remainder when 6675451 is divided by 1668836.
107
Calculate the remainder when 42138 is divided by 13.
5
What is the remainder when 26156496 is divided by 46?
22
What is the remainder when 77653956 is divided by 11?
6
Calculate the remainder when 1189008 is divided by 1025.
8
Calculate the remainder when 1106201 is divided by 185.
86
Calculate the remainder when 5143969 is divided by 183713.
5
Calculate the remainder when 426342 is divided by 561.
543
Calculate the remainder when 6442306 is divided by 1416.
922
Calculate the remainder when 10449702 is divided by 4481.
10
What is the remainder when 105322 is divided by 1504?
42
Calculate the remainder when 9207 is divided by 4575.
57
Calculate the remainder when 19981531 is divided by 2190.
2161
Calculate the remainder when 3992924 is divided by 18923.
171
Calculate the remainder when 3084977 is divided by 1028313.
38
Calculate the remainder when 25229535 is divided by 742.
51
What is the remainder when 1285 is divided by 66?
31
Calculate the remainder when 36949151 is divided by 2073.
2072
What is the remainder when 44833 is divided by 11206?
9
Calculate the remainder when 215786 is divided by 133.
60
What is the remainder when 9922 is divided by 485?
222
What is the remainder when 2539804 is divided by 15?
4
What is the remainder when 153943 is divided by 613?
80
Calculate the remainder when 4379606 is divided by 2786.
14
What is the remainder when 21684865 is divided by 3065?
3055
What is the remainder when 3067832 is divided by 37873?
119
Calculate the remainder when 166019 is divided by 539.
7
Calculate the remainder when 3283 is divided by 1692.
1591
What is the remainder when 1073819486 is divided by 5432?
5430
Calculate the remainder when 4795234 is divided by 380.
14
Calculate the remainder when 15519884 is divided by 44.
28
What is the remainder when 102672528 is divided by 831?
816
What is the remainder when 758079 is divided by 736?
735
Calculate the remainder when 189713 is divided by 47082.
1385
What is the remainder when 47254 is divided by 53?
31
What is the remainder when 36826214 is divided by 2828?
2826
What is the remainder when 67987681 is divided by 36?
25
Calculate the remainder when 4998855 is divided by 46.
35
Calculate the remainder when 8575 is divided by 5784.
2791
What is the remainder when 169593 is divided by 2520?
753
What is the remainder when 38984183 is divided by 33?
29
Calculate the remainder when 96704521 is divided by 18291.
4
Calculate the remainder when 2318791 is divided by 579694.
15
Calculate the remainder when 237591 is divided by 2137.
384
Calculate the remainder when 7212628 is divided by 1442524.
8
Calculate the remainder when 79903 is divided by 19947.
115
Calculate the remainder when 2780469 is divided by 40.
29
Calculate the remainder when 5867 is divided by 3426.
2441
What is the remainder when 84507 is divided by 20245?
3527
What is the remainder when 127329 is divided by 300?
129
Calculate the remainder when 2320874 is divided by 6.
2
What is the remainder when 7678309 is divided by 107?
96
What is the remainder when 9699255 is divided by 48?
39
Calculate the remainder when 7637 is divided by 1992.
1661
Calculate the remainder when 303501206 is divided by 30.
26
Calculate the remainder when 36435527 is divided by 3004.
11
Calculate the remainder when 12390 is divided by 360.
150
What is the remainder when 1451424 is divided by 1451419?
5
What is the remainder when 33294 is divided by 7837?
1946
What is the remainder when 41214 is divided by 10142?
646
What is the remainder when 340149 is divided by 779?
505
Calculate the remainder when 1645712 is divided by 822855.
2
Calculate the remainder when 272112 is divided by 9801.
7485
Calculate the remainder when 75147 is divided by 75059.
88
Calculate the remainder when 104854 is divided by 9653.
8324
What is the remainder when 1268962497 is divided by 2740?
2737
Calculate the remainder when 5789686 is divided by 3664.
566
Calculate the remainder when 12584869 is divided by 856.
813
Calculate the remainder when 89140538 is divided by 3956.
3946
What is the remainder when 702660 is divided by 7249?
6756
What is the remainder when 316800 is divided by 970?
580
What is the remainder when 368785 is divided by 4993?
4296
Calculate the remainder when 7980 is divided by 3235.
1510
Calculate the remainder when 195289 is divided by 97412.
465
Calculate the remainder when 338356 is divided by 36.
28
Calculate the remainder when 31996 is divided by 4141.
3009
What is the remainder when 37322999 is divided by 4500?
4499
What is the remainder when 74276 is divided by 119?
20
Calculate the remainder when 7235027 is divided by 11.
8
What is the remainder when 4846538 is divided by 242325?
38
What is the remainder when 115068 is divided by 3460?
888
Calculate the remainder when 72272148 is divided by 3.
0
Calculate the remainder when 2808556 is divided by 11189.
117
Calculate the remainder when 6978 is divided by 199.
13
What is the remainder when 62596 is divided by 4238?
3264
What is the remainder when 457449 is divided by 49?
34
What is the remainder when 114899 is divided by 38073?
680
Calculate the remainder when 4524094 is divided by 1967.
1961
Calculate the remainder when 3072287 is divided by 532.
519
Calculate the remainder when 300744 is divided by 27.
18
What is the remainder when 52336521 is divided by 723?
720
What is the remainder when 11717 is divided by 1371?
749
What is the remainder when 2071215 is divided by 112?
111
What is the remainder when 424738 is divided by 3176?
2330
What is the remainder when 470950822 is divided by 12?
10
What is the remainder when 2134756 is divided by 1215?
1
What is the remainder when 25881335 is divided by 5168?
5159
What is the remainder when 661993 is divided by 8072?
89
What is the remainder when 140520 is divided by 15498?
1038
What is the remainder when 5884602 is divided by 98?
94
Calculate the remainder when 9227217 is divided by 242.
241
Calculate the remainder when 77080632 is divided by 38.
26
Calculate the remainder when 20485703 is divided by 23.
17
Calculate the remainder when 488029 is divided by 1704.
685
Calculate the remainder when 4323972 is divided by 86470.
472
Calculate the remainder when 851434 is divided by 22